+ 34741. List the prime factors of u.
2, 5, 379
List the prime factors of (10014 - (-8)/(-4))*14/28.
2, 2503
Let t = 2573 + -1423. Suppose h - 5*p + 79 = 451, -2*p + t = 3*h. Suppose -2*g + h + 2 = 0. What are the prime factors of g?
2, 3
Suppose -2 = -5*b + 13. Let g(r) = 2*r - 2. Let p be g(b). Suppose -p*k - 400 = -2*c, -2*k + 388 = 2*c + 12. What are the prime factors of c?
2, 3
Let t be -3 + ((-240)/(-39) - (-14)/(-91)). Let p(h) = 102*h**2 - 14*h + 41. List the prime factors of p(t).
7, 131
Let t = 76 - 30. Let k be 273/15 + 37/(-185). Let l = t - k. List the prime factors of l.
2, 7
Let c(k) = -3*k + 45. Let r be c(15). Suppose r = q - 2*m - 201, 7*q = 9*q + m - 402. What are the prime factors of q?
3, 67
Suppose -2*g + 21589 = 5*s - 5366, 3*g = 0. List the prime factors of s.
3, 599
Suppose 4*d - 94150 = x + 3321, -5*x = -5*d + 121820. What are the prime factors of d?
3, 8123
List the prime factors of (76/(-3))/((-144)/26136).
2, 11, 19
Suppose -q - 31113 = -10*i, -3*q = -2*i + 2306 + 3925. What are the prime factors of i?
3, 17, 61
Let a be 3*(124/12 - 1). Let q(m) = -m**2 + 34*m - 30. Let n be q(a). Suppose 2*y = -8, -2*g + 0*g - y = -n. List the prime factors of g.
71
Let v(q) = 24*q**2 + 15*q - 203. List the prime factors of v(-21).
2, 7, 719
Let l be -3 + (1 - (1 + -3)). Let p be 0/(1*(4 - 2)). Suppose d + p*d - 213 = l. List the prime factors of d.
3, 71
Let o(k) be the third derivative of 0*k + 0 + 4*k**2 - 17/6*k**3 + 13/24*k**4. List the prime factors of o(5).
2, 3
Suppose 0 = -5*p + p + 16. Let h(c) = 6 + 12*c + p*c**2 - 17 - 13. What are the prime factors of h(6)?
2, 3
Suppose 5*s - 12*v = -3*v + 49091, 0 = 5*s + 2*v - 49157. What are the prime factors of s?
9829
Suppose -3*t = -4*l - 516, 0 = 2*t + 5*l - 472 + 105. Let x = t - -118. List the prime factors of x.
2, 3, 7
What are the prime factors of (-835353 - -9)/(-12)*2/6?
2, 5801
Let d(a) = -a**3 - 23*a**2 + 123*a - 95. Let h be d(40). List the prime factors of (-2)/(-10) + h/(-125).
2, 3
What are the prime factors of (-121)/(-2904) + (-652223)/(-24)?
2, 43, 79
Suppose 2*l - 1671 = -3*n - 621, 1755 = 5*n + 5*l. List the prime factors of -54*1*n/(-36).
2, 3, 29
Let b = -89 - -87. What are the prime factors of (291/b)/((-144)/768)?
2, 97
Suppose 0 = -9*f + 26 + 82. What are the prime factors of 3990/6 - f/(-2)?
11, 61
Let q = -19106 - -30796. What are the prime factors of q?
2, 5, 7, 167
Let w(q) = -13*q**3 - 3*q**2 - 7. Let m be w(-4). Suppose 5*h - 172 + m = 0. Let u = h + 213. List the prime factors of u.
2, 23
Let i be 3 - (-2 + -2 + -230). Suppose 0 = z - 2, -2*f + z - 37 = i. Let a = f - -269. What are the prime factors of a?
7, 19
Suppose -15*h - 20*h - 2030 = 0. Let d = h + 1038. List the prime factors of d.
2, 5, 7
Let p = 8361 + 446. What are the prime factors of p?
8807
Suppose -4*c = 2*c - 24. Suppose c*w - 17 + 13 = 0. Suppose 5*l = -w + 21. List the prime factors of l.
2
Let z = 23392 + -2631. What are the prime factors of z?
13, 1597
Let m = -1212 - -573. Let y = -437 - m. List the prime factors of (y/6)/(5/15).
101
Suppose f + 11*j - 12*j - 44340 = 0, 4*j = -11*f + 487830. List the prime factors of f.
2, 3, 19, 389
Let k(y) = -y**3 + 6*y**2 + 6. Let w be k(6). Let r(b) = 4*b**2 + 58*b + 57. Let g be r(-1). Suppose w*c - 180 = g*c. List the prime factors of c.
2, 3, 5
Let k(n) = -n**2 - 265*n + 12. List the prime factors of k(-21).
2, 3, 107
What are the prime factors of 14 - (26 + -11) - -4568?
4567
Let v(q) = -14*q**3 + 73*q**2 + 124*q + 9. Let i(w) = 3*w**3 - 18*w**2 - 31*w - 2. Let t(h) = 9*i(h) + 2*v(h). What are the prime factors of t(-16)?
2, 31
What are the prime factors of -130495*(-1)/(-4 + 108/12)?
26099
Let k(v) = v**2 + 12*v + 5. Let l be k(-11). Let a be l/(-9) + (-24)/9. What are the prime factors of ((-76)/3)/a - (-1)/3?
13
List the prime factors of 0/(2/(-2)) - (60 - (-2776095)/(-45)).
61631
Suppose 268 = d + 5*x, -8*x + 3*x = 5*d - 1240. Let o = 306 + d. List the prime factors of o.
3, 61
Let p be -1*1 - ((-2 - 2) + 1). Let z(j) = 2*j**3 - 8*j**p + j - 4*j - j**2. List the prime factors of z(6).
2, 3, 5
Suppose -15*v - 7137 = -24*v. Suppose -n = -3*n + 5*j + v, 1207 = 3*n - 4*j. What are the prime factors of n?
409
Let p = 6748 + -720. List the prime factors of p.
2, 11, 137
Let v(o) = -o + 8. Let u be v(-7). List the prime factors of (-2067)/(-21) - u/35.
2, 7
Suppose q - 10 = t, -2 = t + 3. Let s be (((-30)/(-9))/q)/((-4)/(-18)). Suppose -s*m + 52 = -47. List the prime factors of m.
3, 11
Let c(l) = 7261*l - 271. What are the prime factors of c(1)?
2, 3, 5, 233
Let t(b) = -93*b - 56. Let c(h) = 93*h + 57. Let k(j) = 3*c(j) + 4*t(j). What are the prime factors of k(-6)?
5, 101
Suppose 10*y - 3*d = 11*y - 102, 4*y - 438 = 3*d. Let f = 120 - y. What are the prime factors of (-2)/(f/(-78))*18?
2, 3, 13
Let p be 1/3*168/(-14). Let n(h) = -4*h**3 - 13*h**2 + 2*h + 7. Let r be n(p). Suppose -r + 1232 = 5*o. List the prime factors of o.
3, 79
Suppose 19*t - 17468 = 57487. What are the prime factors of t?
3, 5, 263
Let y = -120 - -199. Let z(k) = 3*k**2 + k - 1. Let l be z(10). Suppose -233 = -f + w, f - l = -2*w - y. List the prime factors of f.
2, 29
Suppose -9*v = c - 7*v - 78, -4*v - 20 = 0. Suppose -l + 656 - c = 0. What are the prime factors of l?
2, 71
Let d(q) = -521*q - 221. Let x be d(-25). Suppose -27*y + x = 3678. What are the prime factors of y?
2, 13
Let k(v) = -20*v**3 - 20*v**2 + 25*v + 16. Let n(p) = -11*p**3 - 10*p**2 + 13*p + 8. Let j(o) = 6*k(o) - 11*n(o). What are the prime factors of j(12)?
2, 5, 19
Suppose 5*n - 8*n + 3*k + 15 = 0, -n - 3*k + 5 = 0. Suppose n = -r, -2*r = 3*t - 4*t + 154. List the prime factors of t.
2, 3
Let n(x) = 5*x - 17. Let b be n(4). Suppose -b = o, 2*u - o - 111 = -0*o. Let a = 109 - u. What are the prime factors of a?
5, 11
Let q = 70071 + -23084. List the prime factors of q.
19, 2473
Let x(s) = -4*s**3 + s**2 + 6*s + 8. Let d be x(-3). Suppose -6*k + 1691 = d. What are the prime factors of k?
2, 3, 11
What are the prime factors of 11 - ((-88)/(-11) + -10)*17785?
7, 13, 17, 23
Let w be 6 + -2 + 1 + (-4 - -3). Suppose 7*f + j - 1021 = w*f, f - 327 = -3*j. What are the prime factors of f?
2, 3, 19
Let c = 2706 - 1422. Suppose 2*w - 2598 = 2*j - 7*j, 5*j = w - c. What are the prime factors of w?
2, 647
Let o be (-79)/(-11) + (-24)/132. Suppose -5*u + 4*b + 11 + o = 0, 2*b = -2*u. Suppose -62 = -2*j + 4*l, j = u*j + 4*l - 31. What are the prime factors of j?
31
Let i(j) = -j**3 - 12*j**2 + 14*j + 8. Let w be i(-13). Let p be (1 - 0/(-1))/(w/370). Let u = 162 - p. List the prime factors of u.
2, 59
Let g = 1801 - -706. List the prime factors of g.
23, 109
Suppose -4*j + 11 = -k - 2, 0 = 5*k - 3*j + 14. Suppose 6 = 3*r + 18. List the prime factors of (k - (166 + -1))*2/r.
83
Let y(o) = 701*o**2 + 399*o + 2729. List the prime factors of y(-7).
5, 6857
Suppose 47*l + 231248 = 5*l + 707822. List the prime factors of l.
7, 1621
Let b(k) be the third derivative of -1/24*k**6 + 0*k + 2/3*k**3 + 5/24*k**4 + 0 + 11/60*k**5 + 25*k**2. What are the prime factors of b(-3)?
223
Suppose 505*i - 143052 = 479*i. What are the prime factors of i?
2, 3, 7, 131
Suppose -70501 = -49*n + 217374. Suppose 0 = 17*q + 1863 - n. What are the prime factors of q?
2, 59
Let c = -36 + 35. Let a be (c*(2 + 1))/(6/(-8)). Suppose -3*p - 2*w - 2*w = -435, -a*p = 5*w - 580. List the prime factors of p.
5, 29
Suppose -7192 = 2*q - 3*q + 4269. What are the prime factors of q?
73, 157
Suppose u + r = 34102 - 8862, -18*u + 454339 = -r. List the prime factors of u.
43, 587
Let j(x) = 891*x - 1208. List the prime factors of j(8).
2, 5, 37
Let t(u) = 2*u - 10. Let j be t(6). Suppose -5*h = 25, 0 = -o - 2*o - j*h - 1. Suppose -o*l - l = -160. List the prime factors of l.
2, 5
Suppose 41*y = 187*y - 438. Let j(s) = 2*s + s**3 + 5*s**2 + s**2 - 3*s**3 + 7. List the prime factors of j(y).
13
Suppose 0 = -2*k + 4*u - 195 - 131, 0 = -2*k + 5*u - 324. Let w(f) = 322*f**3 + f**2 + 4*f - 6. Let x be w(1). Let c = x + k. List the prime factors of c.
2, 7, 11
Let q(m) = 13706*m**2 + 49*m - 100. List the prime factors of q(2).
2, 3, 9137
Let w(j) = j**3 + 10*j**2 - 7*j + 8. Suppose -8*v = -4*v + 32. List the prime factors of w(v).
2, 3
Suppose 4*y - 9219